*j**2 - 1 - 3*j - j**3 + 0*j**3. Let q be (4/(-1))/(-1 - -2). Determine o(q).
-5
Let d(f) = f**2 + 4*f. Let k be 1/2*(0 - -10). Suppose -a = -k*a. Suppose -5*g - 5*y - 30 = 0, a*g + 5*y + 20 = -3*g. Calculate d(g).
5
Let k(g) be the third derivative of -g**2 + 0 + 1/120*g**6 + 0*g - 5/24*g**4 + 2/3*g**3 - 1/15*g**5. Let m = -228 + 233. Calculate k(m).
4
Let y = -6 - -10. Let q(g) = -g**3 + 3*g**2 + 4*g + 5. Determine q(y).
5
Suppose 0 = 2*j + 2*j - 8. Let l(q) = 29*q**3 - 28*q**3 + q - 3*q. Give l(j).
4
Suppose d = 2 + 4. Let n(s) = s**3 - 5*s**2 - 9*s + 9. Give n(d).
-9
Let w(q) = -q**2 - 7*q - 6. Suppose 7*f = 2*f + 2*k + 7, f + 2*k = -1. Suppose 2*g + f = 5*u, 3*u + 4*g + 13 = 2*u. Let o be ((-15)/6)/(u/(-2)). Give w(o).
4
Let y(c) = -c**3 - 11*c**2 - 7*c + 4. Let q(o) = 2*o**3 + 21*o**2 + 12*o - 7. Let l(n) = -6*q(n) - 11*y(n). Determine l(-6).
4
Let b(h) be the third derivative of 0*h - 1/24*h**4 + 0 + 2/3*h**3 - 7*h**2. Give b(6).
-2
Let r(q) = -q**2 + 5*q - 3. Let a be r(4). Let w be 46/8 + (-1)/(-4). Let s(v) = 1 - 3*v + 2*v - w*v. Calculate s(a).
-6
Let y(f) be the first derivative of f**3/3 - f - 2. Give y(1).
0
Let l be ((-40)/16)/(3/(-6)). Let b = 13 - 9. Let q(w) = -b*w**2 + w**3 - w**2 + 0*w + 2*w - 7. Calculate q(l).
3
Let o(i) = -i + 2. Let j(x) = 1. Let z be ((-42)/8)/7*8. Let a(w) = z*j(w) + 5*o(w). Determine a(3).
-11
Suppose 2 = -4*l - 6. Let f(s) be the third derivative of 0*s + 0*s**4 + 2*s**2 + 0 + 1/3*s**3 - 1/60*s**5. Give f(l).
-2
Let b(s) be the first derivative of s**4/12 + s**3/3 + 2*s**2 + 3*s + 4. Let m(i) be the first derivative of b(i). Calculate m(-3).
7
Let m be (5 - -1)*(-2)/(-4). Let i(o) = -4*o - 5. Let c(p) = -3*p - 4. Let v(a) = 5*c(a) - 4*i(a). Determine v(m).
3
Suppose 0 = 2*w + 3*w - 20. Let a(y) be the second derivative of 0 + 0*y**3 + 1/12*y**w + 4*y - 3/2*y**2. Calculate a(0).
-3
Let l = 20 - 23. Let t(d) = -d**2 + 3. What is t(l)?
-6
Suppose -5*j + 2*k + 80 = 4*k, 3*j - 64 = 2*k. Let d = -16 + j. Let w(b) = 7*b - 1. Give w(d).
13
Let o = 54 + -46. Let j(v) = 2*v + 3 - 14 + v - 2*v. Give j(o).
-3
Suppose -a = -4*l - 6 - 8, -5*a = -2*l + 20. Let m = a - -8. Let q(h) be the first derivative of -2*h**2 + 3*h - 2. What is q(m)?
-5
Let a(j) = -4*j**3 - 5*j**2 + 2*j - 4. Let z(h) = -5*h**3 - 5*h**2 + h - 4. Let i(v) = 4*a(v) - 3*z(v). Calculate i(-6).
2
Let t(g) = 4*g - 2. Let p = 35 - 38. Give t(p).
-14
Let r(d) = -4*d**3 + 7*d**2 + d. Suppose 0 = 5*o - 4*b - 3, 5*o + 2*b + 8 = o. Let g(y) = -y**3 + y**2. Let m(k) = o*r(k) + 5*g(k). Determine m(-1).
0
Let g(z) = 3*z. Let j = 0 - -1. Give g(j).
3
Let g(k) = k - 8. Suppose 2*c - 18 = 2*p, -7*c = -3*c - 5*p - 41. Let t = 9 - c. Calculate g(t).
-3
Let i(o) be the third derivative of 0 - 3/2*o**3 + 0*o + 1/24*o**4 - 4*o**2. Determine i(6).
-3
Let h be (-3)/((-14)/(-10) + -2). Let a(y) = -4 + 1 - 3 + y. Determine a(h).
-1
Let a(f) = -9 - 8*f - 9*f + 18*f. Calculate a(7).
-2
Suppose 5*r - 5*o - 15 = 0, 3*r + 0*o = 5*o + 9. Suppose 0 = n - r. Let z(k) = 4*k - 4. What is z(n)?
8
Let f(o) = o**2 + 2*o - 1. Suppose 0 = -2*x + d + 4, -d = -3*d. Let n be ((-1)/3)/(x/(-30)). Let r = 3 - n. What is f(r)?
-1
Let o = -129 + 259/2. Let f(n) be the second derivative of 1/3*n**3 + o*n**2 - 1/12*n**4 - 3*n + 0. Give f(-1).
-2
Suppose 5*t = 0, -3*i + 3 = -4*t - t. Let m(j) be the second derivative of 0 - 5/12*j**4 + 0*j**3 + 0*j**2 + 2*j. Determine m(i).
-5
Let q(n) = n. Suppose -10 = 3*f - 1. Let z(y) = y**2 + y. Let d be z(f). Give q(d).
6
Let z(y) be the first derivative of y**2/2 + 3*y - 24. Give z(2).
5
Let h(r) = 5*r**3 - r**2 + 8*r - 9. Let g(i) = i**3 - i**2. Suppose 5*c + 4 = -1. Let b(j) = c*h(j) + 6*g(j). Determine b(6).
-3
Let p = -33 - -32. Let w(g) = g**3 + 2*g**2 + g. Give w(p).
0
Let z(l) be the second derivative of -l**4/24 - l**3/6 + 2*l**2 - 2*l. Let v(h) be the first derivative of z(h). Calculate v(6).
-7
Let b(k) = -k + 7. Let y be b(5). Let u(t) = 2*t - 2. Let r be u(y). Let w(g) = -6*g + 0*g + 4 - g**2 + 2*g**r. Determine w(4).
-4
Let t(g) = 9*g**2 + 13*g + 7. Let l(y) = -5*y**2 - 7*y - 3. Let n(w) = -11*l(w) - 6*t(w). What is n(0)?
-9
Let a(u) = -7*u**2 - 5*u - 1. Let i(g) = 6*g**2 + 5*g. Let d(z) = 5*a(z) + 6*i(z). Calculate d(-5).
-5
Let b(y) = -y**3 + 2*y**2 + 1. Suppose 3*p + 5*x = -2*p - 5, -5*p = -x - 25. Let h be (-2)/p*(5 - 9). Give b(h).
1
Let q(a) = a - 6. Let n be 34/119 + 33/7. Give q(n).
-1
Let r(j) = j + 84 + 84 + 88 - 261. Determine r(4).
-1
Suppose 2 = -2*c + c. Let b be (-4)/6 + 1/(-3). Let v be (3 + 1)*(b - c). Let q(o) = -o**2 + 5*o - 3. Determine q(v).
1
Let a(q) = q**3 + 2*q**2 + 4*q + 3. Suppose -5*w - 6 = 9. What is a(w)?
-18
Let z(d) be the second derivative of -d**4/12 - d**3/6 + 5*d**2/2 - 22*d. Give z(0).
5
Let x(h) be the second derivative of 3/2*h**2 - 2*h - 1/6*h**3 + 0. Suppose 3*o + 2*l = -4, -5*o - l - 2*l = 6. Give x(o).
3
Let v(c) = -3*c**3 - c**2 - 2. Suppose -3*f - f - 28 = -4*x, 2*f = -5*x + 21. Give v(f).
18
Let i(v) = -v + 2. Suppose -27 = -3*n - 4*g, -g + 9 = n + 2*g. Calculate i(n).
-7
Let y(r) = r**3 + 5*r**2 + 3*r - 1. Let v(c) = -c**3 + 4*c**2 - 2*c - 2. Let j be v(2). Suppose -j*x + 9 = -5*x. Let b = -1 + x. Give y(b).
3
Let r(z) = -11. Let g(w) = w - 23. Let a(m) = -4*g(m) + 9*r(m). Determine a(-5).
13
Let m(g) be the first derivative of g**3/3 - g**2/2 + g - 1. Suppose -r - 5*a - 7 = -3, 5*a = 5*r - 10. Let i be (-2)/(-4) + r/2. Calculate m(i).
1
Let o(z) be the second derivative of 7*z**4/12 + z**3 - 3*z**2/2 + 3*z. Let m(c) = -c**2 + 1. Let l(n) = 6*m(n) + o(n). Give l(-5).
-2
Let k(w) = w - 7. Let z = 19 - 14. Calculate k(z).
-2
Let v(t) = t**2 + 4*t - 7. Let k(s) = 6*s**3 + s**2 + s. Let i be k(-1). Give v(i).
5
Suppose p + m = 1, -m + 6*m = -p + 17. Let v(o) = 0*o**2 + 6*o + o**2 - o + 2. Give v(p).
-4
Let h(x) be the second derivative of x**6/360 - x**4/2 + 7*x. Let w(i) be the third derivative of h(i). Let a = 2 - 5. Calculate w(a).
-6
Let z(d) = -d**2 + 21*d + 41. Let s be z(23). Let x(v) = -2*v - 7. Calculate x(s).
3
Let t(p) be the third derivative of -p**5/60 - p**4/24 - p**3/3 + 2*p**2. Let v = 2 + -4. Determine t(v).
-4
Let s(w) = w + 3. Let y be 56/3 + 1/3. Let t = 19 - y. Give s(t).
3
Let c(a) be the third derivative of a**4/12 + 2*a**2. Let o be (3/(-2))/(33/88) + 0. What is c(o)?
-8
Let x(f) be the third derivative of -f**6/120 + f**5/10 - f**4/4 + 5*f**3/6 + 53*f**2. Determine x(4).
13
Let q(m) = -2*m**2 + 4*m + 2. Let n(u) be the second derivative of u**4/4 - 4*u**3/3 - 2*u**2 + 5*u. Let d(z) = 3*n(z) + 5*q(z). Give d(-2).
2
Let j(l) = 3*l - 1. Suppose 0 = -m - m + 6. What is j(m)?
8
Let g(t) = -t + 7. Let p be (-1)/(-4) - 21/4. Let u(z) = -z + 6. Let f(h) = p*g(h) + 6*u(h). Calculate f(-6).
7
Let a(v) = v. Let h(g) = -5*g + 2. Let p(q) = 6*a(q) + h(q). What is p(3)?
5
Let n(v) = -v - 1. Let p = -5 - 0. Suppose 3*g - 6*k + 43 = -k, -4 = 4*g + 4*k. Let z = g - p. What is n(z)?
0
Let m(g) = g**2 - g + 6. Let y = 27 + -12. Let r = y - 15. Calculate m(r).
6
Let m(n) = 4*n**3 - 2*n**2 - n. Let b = -2 - 0. Let x(c) = c**2 + 9*c + 5. Let t be x(-8). Let r = t - b. Calculate m(r).
-5
Let w(i) = i**3 - 7*i**2 + 4. Let g be w(7). Let r(m) = 3 + 0 - m + g. Determine r(7).
0
Let z(c) be the third derivative of 2*c**2 + 5/6*c**3 + 0*c + 0 + 1/12*c**4. What is z(-4)?
-3
Let r(m) be the third derivative of -m**5/60 - m**4/24 - m**3/2 - 2*m**2. Give r(-3).
-9
Let f(q) = -q**3 - q**2 - 9*q + 2. Let m(n) = n**3 + 10*n - 3. Let g(k) = 5*f(k) + 4*m(k). Let t = -26 - -23. Determine g(t).
-5
Let d(p) = 8*p - 1. Suppose o - 4*o + 9 = 0. Suppose -3 = o*i - 0. Give d(i).
-9
Let y(c) = -7*c**3 - 15*c**2 + 12*c + 5. Let i(h) = -4*h**3 - 8*h**2 + 6*h + 2. Let l(v) = -5*i(v) + 3*y(v). Suppose 0 = -3*x - 5 - 13. Give l(x).
5
Suppose 11 + 39 = 10*q. Let f(i) = -i**2 - 2*i - 5 + 5*i + 4*i. Determine f(q).
5
Let f(x) = -x**2 + 4. Suppose 0 = 3*b - b + 10. Let a(s) be the first derivative of -s**3/3 - s**2/2 + 4*s - 2. Let g(j) = b*f(j) + 4*a(j). Determine g(5).
1
Let b(m) = m**2 + 6*m + 6. Suppose 1 = 5*i - 19. Let n be (6/i)/((-2)/4). Let s be (-4)/(n/9*-3). Determine b(s).
-2
Let g = 3 - 5. Let c(w) be the second derivative of -w**4/6 - w**3/3 + 4*w. Give c(g).
-4
Let h(b) = -3*b**2 + 3*b**3 - b**3 - 3*b + 6*b.